 5 - a - o*a. What is k(g)?
-1
Let l(b) = 3*b - 3. Let x(o) = 13*o - 11. Let r(g) = 9*l(g) - 2*x(g). Determine r(8).
3
Let a(w) = 0*w + 3 + 4*w - w**2 + 5*w - 4. Calculate a(8).
7
Let l(t) = -t + 1. Let s(x) = x**2 + 3*x + 4. Suppose 2*b + 1 = -5. Let k be s(b). Let m = 1 - k. Calculate l(m).
4
Let g be (-2)/8 - (-26)/8. Suppose 4*w - 12 = -0. Let l(z) = -2*z**2 - z**w - 2 + 2*z**3 - 1. Give l(g).
6
Suppose 25 = -0*z + z. Suppose 7*y = 2*y - z. Let x(u) = 2*u + 4. Let q be x(y). Let w(f) = 2*f + 5. Calculate w(q).
-7
Let z be -2 + (-8)/(-6)*3. Let f(x) = x**3 + x**2 - 1. Let q(d) = -d**3 + d**2 - 5*d - 4. Let v(i) = z*f(i) + q(i). Calculate v(-4).
-2
Let y(x) be the first derivative of x**2/2 + x - 5. Let j(d) = -d. Let b(s) = -3*j(s) - 2*y(s). Give b(-3).
-5
Let z(x) be the third derivative of -x**6/60 + x**5/30 + x**4/8 - x**3/3 + 21*x**2. Let k(c) = c**2 - 9*c + 2. Let o be k(9). What is z(o)?
-4
Let n(k) = -k**3 + 2*k**2 - k + 4. Let y(v) = -v**2 - 9*v + 3. Let i be (6/2)/(1/(-3)). Let p be y(i). What is n(p)?
-8
Let j(v) = 3*v**3 - v - 2*v**3 + v**3 - v**2. Let a(r) = -r**2 - 5*r + 5. Let g be a(-5). Suppose -g*m - 1 = 4. Give j(m).
-2
Let f(n) = -n**2 - 2*n + 6. Let v be f(-3). Let o(d) = -d**3 + 3*d**2 + d + 2. What is o(v)?
5
Suppose -2*s - 2*q = -86, 0 = 4*s + s + q - 203. Let u be (-4)/10 + 96/s. Let m(g) = -2*g**2 - g. Calculate m(u).
-10
Let z(x) be the first derivative of x**4/2 + 2*x**3/3 - x**2 - 2*x + 5. What is z(-2)?
-6
Let i(c) = c**2 - 2*c - 1. Suppose -4*v = -0*v - 5*k + 29, 0 = 2*v + k - 3. Calculate i(v).
2
Let p(z) = z + 1. Suppose 19 = 4*v - 1. Give p(v).
6
Let n(v) = 2*v**2 - 10 + 11*v**3 - 2*v**2 - 12*v**3. Let s = 13 - 13. Calculate n(s).
-10
Let l be (-33)/9 + (-4)/(-6). Let d be -6*(6/l)/(-2). Let j(w) = -2*w - 5. Let k(n) = 4*n + 9. Let q(c) = d*k(c) - 11*j(c). Calculate q(-2).
5
Suppose 3*s - 18 = -2*g + 5*s, 0 = 5*g + s - 15. Let j(w) = -w + 3. Calculate j(g).
-1
Let o(h) be the second derivative of -h**3/6 + 7*h**2 + 77*h. Determine o(11).
3
Suppose 10*u - 6*u = 0. Let d(v) be the second derivative of 2*v + u + 1/2*v**3 - 1/2*v**2. Calculate d(-1).
-4
Let q(w) be the first derivative of 1 - 1/4*w**4 + w**3 - 2*w**2 + w. What is q(3)?
-11
Let r = -1 + 2. Let d(n) be the third derivative of -n**5/10 + n**4/24 - n**3/6 + n**2. Let t(y) = -7*y**2 + y - 1. Let v(c) = 3*d(c) - 2*t(c). What is v(r)?
-4
Let q(y) be the third derivative of 0*y + 0 + 3*y**2 + 1/24*y**4 - 1/15*y**5 - 1/6*y**3. Let s(p) = p**3 - 3*p**2 + 3*p - 1. Let g be s(2). What is q(g)?
-4
Let c(a) be the third derivative of a**4/24 - a**3 + 7*a**2. What is c(0)?
-6
Let d(k) be the third derivative of k**5/60 - k**3/6 + 20*k**2. Determine d(0).
-1
Suppose 0 = -30*d + 26*d. Let w(v) = 0*v + 0*v - v**2 - v + 10. Determine w(d).
10
Let w(u) = u**2 - u. Suppose -10 = -5*i - 2*r, i - r + 2*r - 5 = 0. Calculate w(i).
0
Let g be (21/(-42))/(1 + (-18)/20). Let t(f) = f**3 + 6*f**2 + 3*f. Give t(g).
10
Suppose 0 = -h - 0*h - 14. Let g = h + 11. Let f(l) = l**2 + 2*l + 1. Give f(g).
4
Suppose 0 = h + 5*c + 22, -2*h + 0*h = 5*c + 24. Let m(f) = 1. Let u(l) = -l**2 + 2*l + 1. Let n(y) = h*m(y) + u(y). Determine n(1).
0
Let c(o) = -2*o - 5. Suppose 0 = g - 2*h + 8, 2*h + 2*h = g + 16. Suppose -2 - 38 = -m - 4*u, -5*u + 65 = 2*m. Suppose g = 3*t + 2*t + m. Give c(t).
3
Suppose -17*a + 3 = -14*a. Let c be a + (-2 + 1)/1. Let f(l) = l**2 - l - 15. Determine f(c).
-15
Let x(z) = -5*z + 1. Let b = -3 + 2. What is x(b)?
6
Suppose -2*x = -3*x - 4. Let d(z) = z - 1. Determine d(x).
-5
Let m(b) be the second derivative of 0*b**2 - 1/120*b**5 + 1/3*b**4 + 0 + 1/3*b**3 + 3*b. Let o(q) be the second derivative of m(q). Determine o(5).
3
Let t(v) be the second derivative of -v**5/20 - v**4/6 + v**3/3 + v**2 - 19*v. Give t(-3).
5
Let q(d) = -6. Let n(j) = j - 11. Let t(v) = -3*n(v) + 5*q(v). Let u = -13 - -16. Give t(u).
-6
Let j(p) = -p**3 - 2*p**2 + 1. Let i be j(-1). Let u(w) be the first derivative of 1/2*w**2 - 3/4*w**4 + 0*w**3 - 2 + i*w. Give u(-1).
2
Let m(v) = 3*v - 1. Let s = 7 - 4. Suppose 6 = s*b + 21. Let g = -4 - b. Calculate m(g).
2
Let i(l) = 4*l**2 - 8*l**2 - 1 + 3*l**2 + 4*l**2. Calculate i(1).
2
Let r(b) = -13*b**2 + b**3 + 6*b**2 - b**2 + 1 + 2*b + 7*b**2. Determine r(2).
9
Let g = 23 + -39. Let s = g - -11. Let w(d) be the second derivative of -d**4/12 - d**3 - 2*d**2 - d. What is w(s)?
1
Let m(b) = -b**3 - 7*b**2 - b - 2. Suppose 38 = -4*y - 5*q, 0*y + 3 = y - 5*q. Calculate m(y).
5
Let g(c) = 2*c**2 + 0*c**2 - c + 3 + 2*c**2 - 3*c**2. Suppose 0 = 2*w + p, 4*p = 3*w + 3*p. Give g(w).
3
Let m be (2/(-30))/(8/(-10)). Let u(j) be the third derivative of 0 - 1/2*j**3 - m*j**4 - 1/30*j**5 + 0*j - j**2. Determine u(-2).
-7
Let g(f) = 6*f**2 - 2*f**2 - f**2 + f. Let r(k) be the second derivative of -k**4/12 - k**3/6 - k**2/2 + 2*k. Let d be r(0). Give g(d).
2
Let f(p) = -18*p + 7 + 23*p - 8. What is f(1)?
4
Let p be 4 + (-80)/25 + (-18)/10. Let x(l) = -8*l. Give x(p).
8
Let h(t) = -t + 13. Let r be h(12). Let g(s) be the first derivative of -1/2*s**2 - 3*s - 1/3*s**3 + r. What is g(-3)?
-9
Let y(u) = -u**3 + u**2 - u + 1. Let q(g) = -g - 5. Let r be q(-3). Let a = 4 + r. Determine y(a).
-5
Let x(h) = -7*h**3 - 18. Let q(s) = -3*s**3 - 9. Let j(g) = -9*q(g) + 4*x(g). Determine j(0).
9
Let r(k) = 51*k - 15*k - 16*k - 21*k - 7. Let u = 3 + -7. Determine r(u).
-3
Let h(i) = 4 + 1 + 0*i**2 - 6 + 4*i**2 - 2*i. What is h(-1)?
5
Let s(t) be the third derivative of t**5/60 + t**4/4 - t**3/2 - 4*t**2. Determine s(-7).
4
Suppose -4*o + 25 = -5*t, 3*o = o + 2*t + 10. Let s(z) = 0*z**2 - 2*z**3 + 7 + z + z**2 + z**3. Determine s(o).
7
Let l(k) be the first derivative of -k**3/3 - 5*k**2/2 - 2*k + 18. Let s = 1 + 4. Let j = 3 - s. Determine l(j).
4
Let o = -83 + 85. Let g(c) = 5*c**3 - 4*c**2 + 2*c. What is g(o)?
28
Let l(d) be the second derivative of -d**6/240 - d**5/40 + d**4/4 - 5*d. Let s(y) be the third derivative of l(y). Determine s(-2).
3
Let s(p) = -17*p**3 - 33 - 2*p + 2*p**2 + 71 - 37. What is s(1)?
-16
Suppose -5*r + 7*r = 24. Let v be 2/(-12) + 74/r. Let z(l) = -2*l**2 - 4*l + 8. Let d(t) = -3*t**2 - 3*t + 8. Let p(w) = -3*d(w) + 4*z(w). Calculate p(v).
2
Let s(z) = -3*z**3 - 3*z**2 - z + 2. Let q(k) = -8*k**3 - 9*k**2 - 2*k + 5. Suppose 4*p = 28 + 16. Let u(j) = p*s(j) - 4*q(j). Let n = 2 - 0. Give u(n).
0
Suppose -o - 19 = -5*u - 4, o = -5*u + 25. Let f(a) = 4*a - 1 - o*a + 5. Let v(c) = -c**3 - 6*c**2 + 5*c - 10. Let s be v(-7). Determine f(s).
0
Let x(o) = -o - 1. Let b = -7 - -8. Suppose -2*n - n - 2*h - b = 0, 5*h = 4*n + 9. Give x(n).
0
Let y(u) = -u**3 - 6*u**2 - 3*u + 5. Suppose -25 = -o + 4*n, -2*o + o + 20 = -3*n. Suppose -37 = 3*f + o*c, -29 = f - 4*c + 9*c. Determine y(f).
-15
Suppose -7 = 5*g - 17. Let z(v) = 4*v**2 + 2 - 5 - 4*v**2 + v**g + 4*v. What is z(-5)?
2
Suppose -52 = -4*x + 5*a - 16, 5*a = -5*x. Let q = x - 2. Suppose 0 = -s - q*s + 3. Let h(d) = 6*d**3 + d. What is h(s)?
7
Let h(u) = u**3 + 7*u**2 + 11*u + 10. Let y be h(-5). Let c(v) = v**3 - 4*v**2 - 6*v - 3. Determine c(y).
-8
Let o be 1*2 + 4 + (-5 - -1). Let b(l) be the first derivative of -l + 1/2*l**2 - 1. What is b(o)?
1
Let i(u) = u**2 - 4*u. Let f be i(3). Let g(n) = -25*n**2 - n**3 - 4 + 2*n + 7 - 4 + 22*n**2. Calculate g(f).
-7
Let p(n) be the third derivative of 7*n**4/24 - 2*n**3/3 + 51*n**2. Give p(4).
24
Let c(g) = -3 - g + 0 + 1 + 3. Suppose 0 = -3*t - 2*t + 2*n + 18, -n = t - 5. Give c(t).
-3
Let o(n) = 4*n - 5. Suppose -8 = -2*d - 0*d. What is o(d)?
11
Let y(j) be the second derivative of -1/6*j**4 + 0*j**3 + 0 + 6*j - j**2. Give y(-2).
-10
Suppose -6 = -2*q, 0*q = 4*u - 5*q + 3. Let p(o) = 4 - 4 + 2*o. What is p(u)?
6
Suppose 0*x - 5*x = -15. Let v = 3 - x. Let a(w) = w**3 - w**2 + w - 5. Calculate a(v).
-5
Let y be -2 + -1 + 2*10. Suppose -4*z = 2*t + 16 - 2, 2*t = -5*z - y. Let w(g) = g**2 + 5*g + 3. What is w(z)?
-3
Let y(b) = b**3 - 8*b**2 + 6*b + 11. Let r be y(7). Let g(t) = -t**3 + 4*t**2 - 2*t + 3. Give g(r).
-5
Let x(i) = -6*i - 3. Let s = 2 + -2. Let o be 2/(-4)*2*2. Let h = o + s. Determine x(h).
9
Let h(p) be the second derivative of p**3/6 + 2*p**2 - 7*p. Determine h(7).
11
Let b(q) = 2*q**3 + 5*q**2. Let s(r) = -3*r**3 - 5*r**2 - r - 1. Let m(o) = -